
Let n(s) = 13 - 3*s + s**2 + 5*s - 3*s. What are the prime factors of n(0)?
13
Let n(p) = 49*p + 4. Let i(u) = 2*u - 6. Let a be i(5). Let x be n(a). What are the prime factors of 4/(-14) + x/14?
2, 7
Suppose 0 = -4*a - 16, -8*u + 224 = -3*u + 4*a. List the prime factors of u.
2, 3
Let z be 4/(-6) - (-48)/(-9). Let n(y) = y**2 + 4*y + 2. What are the prime factors of n(z)?
2, 7
Suppose 0 = 5*s - 2*s - 108. Let f = s - 22. What are the prime factors of f?
2, 7
Let c be (-2 - (-165)/(-3)) + -3. Let l be (16/10)/(8/c). Let y = l + 21. List the prime factors of y.
3
Let m(v) be the second derivative of v**5/20 + 7*v**4/12 + 4*v**2 - 3*v. Let p be m(-7). Suppose -7 = -3*w + p. List the prime factors of w.
5
Let q = 37 - -11. Suppose 4*d + 12 = q. List the prime factors of d.
3
Suppose -5*s - 5*r - 74 + 29 = 0, s + 12 = -4*r. Let k(i) = -3*i + 1. List the prime factors of k(s).
5
Let d = -2 + 4. Suppose 5*l = -2*j + j + 20, -4*j + d*l = -102. What are the prime factors of j?
5
Let p(d) = 1. Let h(u) = -u. Let f(l) = h(l) - p(l). Let m be f(-4). Suppose 0 = n + 3*a, 2*n - n + 2*a - m = 0. List the prime factors of n.
3
Let z(u) = 36*u + 3. What are the prime factors of z(1)?
3, 13
Let c(g) = -2*g. Let r(i) = -i + 1. Let b(z) = -3*c(z) + 4*r(z). Suppose -5*v + 0*p = 4*p - 11, 3*v + p = 8. List the prime factors of b(v).
2, 5
Let b = -130 + 246. List the prime factors of b.
2, 29
Let h(i) = 2*i**2 - 16*i + 5. List the prime factors of h(11).
71
Let x = 22 + 38. What are the prime factors of x?
2, 3, 5
Suppose -l - 5*f + 1 = 0, -3*f + 12 + 26 = 4*l. List the prime factors of l.
11
Let w = -28 - -48. Let v = w - 6. What are the prime factors of v?
2, 7
Suppose 0 = 3*m + 3*p, 3*m + 6*p + 2 = p. Let o(y) = y + 3. Let f be o(0). List the prime factors of 4 + -2 + f*m.
5
Let h(f) be the first derivative of -2 + 2*f + 2*f**2 + 1/3*f**3. What are the prime factors of h(-6)?
2, 7
Let c(u) = 2*u + 15. What are the prime factors of c(13)?
41
Let d(o) = 8*o**2 + 9*o + 1. Let j(r) = 7*r**2 + 8*r. Let p(n) = -5*d(n) + 6*j(n). List the prime factors of p(3).
2, 11
Let x(y) = y + 5. Let d = -11 + 8. List the prime factors of x(d).
2
Let m(u) be the third derivative of -u**6/60 - 2*u**2. Let l be m(1). What are the prime factors of l/6 + (-92)/(-6)?
3, 5
Suppose -5*g = x + 2*x - 40, -2*x = 4*g - 30. Let q(z) = 4*z - 1. Let m be q(1). Suppose -2*p = -m*r + 3*p + 55, 3*p + g = -r. List the prime factors of r.
2, 5
Let o be 74/8*(4 + 0). Suppose -48 = -5*f + o. List the prime factors of f.
17
Let o = 59 - 20. What are the prime factors of o?
3, 13
Let c(n) = -6*n + 10. Let w be c(7). Let y be (-3)/(-2)*w/(-24). Suppose -y*h + 10 - 36 = -4*s, 5*h - 5 = -4*s. What are the prime factors of s?
5
Let u = 152 - 67. List the prime factors of u.
5, 17
Let w = -3 + 2. Let f be -6*((-6)/3 - w). Suppose f*m - m - 37 = -3*j, -4*m + 2*j = -34. List the prime factors of m.
2
Suppose 2*a + 2*a - 20 = 0. Let l(h) = -h**3 + 4*h**2 + 5*h - 1. Let i be l(a). Let v(d) = -7*d**3 - d - 1. List the prime factors of v(i).
7
What are the prime factors of (-16)/104 - (-992)/26?
2, 19
Let f(p) = p**3 - 5*p**2 - 5*p - 5. Let i be f(6). Suppose 10 + i = l. Let w = l - 1. List the prime factors of w.
2, 5
Let w(p) be the second derivative of -p**5/10 + p**4/12 + p**3/6 + p**2/2 - 4*p. Suppose -3*z = 2*z - 2*r + 5, 5*r = z + 1. What are the prime factors of w(z)?
3
Let f(s) = -6*s. Let y(i) = -2*i**2 - 2*i + 1. Let m be y(-2). Let u be f(m). Suppose 2*h = 4*a + 11 - 3, -5*a + u = h. List the prime factors of h.
2
Let b be 1/1 - -1 - 9. Let y(m) = m**2 - 2*m + 1. Let l be y(1). List the prime factors of b*(30/(-21) + l).
2, 5
Suppose -2*h + 6 = 2. Suppose 0 = -h*q + 3*p + 8 + 25, -2*q = -4*p - 36. Suppose -2*m - m = -q. What are the prime factors of m?
2
Let p(m) = -m**3 - 13*m**2 - 14*m + 4. List the prime factors of p(-12).
2, 7
Let c(m) = m**2 - 6*m - 9. Let y be c(8). Suppose 4*x + 174 = y*x. List the prime factors of x.
2, 29
Let h(u) = -u**3 + 11*u**2 - 11*u + 13. Let f be h(10). Suppose p = 8 + f. List the prime factors of p.
11
Suppose -3*k + 237 = 3*n, -4*n + 5*k + 0*k + 325 = 0. What are the prime factors of n?
2, 5
Let k = -28 - -32. Suppose -b = -k - 6. List the prime factors of b.
2, 5
Suppose 0 = -4*t + 650 + 158. List the prime factors of t.
2, 101
Let v be 2 + (0/(-3))/(-1). Suppose -4*q = -5*f - 4, f = v*q - 0*q + 4. What are the prime factors of (-7)/((6 - 3) + q)?
7
Let x be 110 + (2 - 0) + 0. Suppose 0 = 3*l + 2*n - x, 3 = 4*n - 17. List the prime factors of l.
2, 17
Let u be (-1164)/(-10) - 36/(-60). What are the prime factors of -4 - (-2 + u/(-3))?
37
Let x = 101 + -141. Let z = x + 80. What are the prime factors of z?
2, 5
Let r = -8 - -8. Suppose 5*w - 130 + r = 0. List the prime factors of w.
2, 13
Let h be 2 + 0 + -13 + 5. What are the prime factors of (0 - -19) + h + 4?
17
Let l(h) = h**3 + 9*h**2 + 8*h - 5. Let t be l(-8). Let w = 1 + t. What are the prime factors of w/14 + 107/7?
3, 5
What are the prime factors of 1083/33 + 10/55?
3, 11
Suppose -4*z = 3*f - 30, 3*f - 27 = -0*f - 5*z. Suppose h - 3*h = -f. List the prime factors of h.
7
Suppose -52 = -5*c - 3*y, -2*c + y + 20 = c. Let u(r) = r - 3. What are the prime factors of u(c)?
5
Let j = -68 + 48. Let m = j + 38. List the prime factors of m.
2, 3
Suppose -d = -3*y - 56, 2*d + d = 4*y + 148. What are the prime factors of d?
2, 11
Let o = -15 + 0. What are the prime factors of 3 + -2 + -1 - o?
3, 5
Suppose 2*b - 6*v + 4*v - 66 = 0, -v - 173 = -5*b. List the prime factors of b.
5, 7
Suppose 34 + 41 = 3*p. List the prime factors of p.
5
Let h(j) = 2 + 7*j**2 - 2*j**2 - j**2 + 5*j - 1 - j**3. Let a be h(5). Let n = a - -3. List the prime factors of n.
2
Let r = 6 - -1. Suppose 7 = 2*l + g - 12, 0 = -l + 5*g - r. What are the prime factors of l?
2
List the prime factors of -23*-2*(-2)/(-4).
23
Let a(w) = -w - 4 + 0*w + 3. What are the prime factors of a(-9)?
2
Let s(h) = h - 1. Let r be s(4). Suppose -4*z = -3*d - d + 112, 0 = r*d - 5*z - 92. What are the prime factors of d?
2, 3
Let f = -167 + 331. Suppose 4*c - 2*h + 146 = 8*c, -4*c + f = -4*h. What are the prime factors of c/10 + (-2)/(-10)?
2
Let l(g) = -g**2 - 6*g + 2. Suppose 4*x - 2*n - 5 = 3, -5*x - 4*n = -10. Suppose -6 = 3*s, -2*o + 3*s - s - x = 0. What are the prime factors of l(o)?
11
Let p be (-1 + 0)*(5 - -1). Let h be (1/(-2))/(1/p). List the prime factors of ((-2)/(-4))/(h/60).
2, 5
Suppose a = -4*a - 3*m + 41, -a - 2 = 4*m. Suppose -2*o + a = 3*o. Suppose -o = 2*s - 10. What are the prime factors of s?
2
Let u(x) = -x**3 - 2*x**2 + 2. Let j(n) = n**3 + n**2 + n + 1. Let f be j(0). Suppose 0 = -4*q - 7 - f. What are the prime factors of u(q)?
2
List the prime factors of (-5)/10 - (1 + (-802)/4).
199
Let j(s) = s**3 - 11*s**2 + 7*s + 31. List the prime factors of j(11).
2, 3
Let f = -3 - -8. Suppose 8 = 2*u - 0*p + 4*p, -20 = -5*u - 5*p. Suppose -f*c + 34 = u*r, 4*c - 3*c + 35 = 3*r. List the prime factors of r.
11
Suppose -3*t - 154 = t - 2*d, 4*t - 3*d = -151. Let m = -28 - t. What are the prime factors of m?
2, 3
Let o(u) = -2*u - 2. Let b be o(-3). Let s(r) = -2*r + 2. Let v(n) = -n. Let p(w) = s(w) - 4*v(w). What are the prime factors of p(b)?
2, 5
Let w be (-1)/(-1) - 30/3. Let b be (-16)/(-3) - 6/w. Suppose 0 = 2*a + a - b. List the prime factors of a.
2
Suppose z + 159 = -2*z. Let y = 103 + z. Suppose -4*b = -9*b + y. List the prime factors of b.
2, 5
Let l be ((-2)/(-6))/((-3)/9). Let s be l/(2/22 - 0). List the prime factors of (-2 - s) + 3/3.
2, 5
Let o = 67 - -66. What are the prime factors of o?
7, 19
Let i = -7 - 2. Let u(r) = -r - 4. List the prime factors of u(i).
5
Suppose -2*v = 5*o - 41, -8*v + 3*o = -3*v - 118. Let r be 1*(-4)/(-4)*11. Let i = v - r. List the prime factors of i.
2, 3
Let k = 257 + -70. What are the prime factors of k?
11, 17
Suppose -73 - 71 = 4*v. What are the prime factors of (-118)/(-8) + (-9)/v?
3, 5
Let g(k) = k + 7. Let c be g(-10). List the prime factors of (-18)/(-8) + c/(-4).
3
Let y = -28 + 87. What are the prime factors of y?
59
Let s = -105 + 173. List the prime factors of s.
2, 17
Let a be (-9)/6 - 21/6. Let u(c) = -3*c. What are the prime factors of u(a)?
3, 5
Let g(z) = 32*z - 16. List the prime factors